-1 - 1 - (g + 5). What is the highest common factor of m and 8?
8
Let b(f) = -178*f**2 - f - 3. Let o(h) = 355*h**2 + 2*h + 7. Let x(p) = -7*b(p) - 3*o(p). Let l be x(-1). Calculate the highest common divisor of l and 20.
20
Let d = 201 + -51. What is the highest common factor of d and 60?
30
Suppose 10 = -2*t - 0. Let a(s) = -s - 3 + 5*s**2 - 2 + 7*s. Let k be a(t). Calculate the greatest common divisor of k and 9.
9
Let m be 4/(-10) - 12/(-30). Suppose m = -h + 6*h. Let k be -1*(-2 + h - 13). Calculate the highest common factor of k and 5.
5
Let c = -9 + 9. Let t be (-12 - 1)*-1 + c. Calculate the highest common factor of t and 104.
13
Let t(c) = -c**2 - 1. Let x(d) = -d**3 - 10*d**2 - d + 2. Let g(w) = -2*t(w) + x(w). Let a be g(-8). Calculate the highest common factor of a and 36.
12
Let z be (-5)/((-10)/264)*6/8. Calculate the greatest common divisor of 9 and z.
9
Suppose 8*q = -0*q + 16. Calculate the highest common factor of q and 3.
1
Let h(j) be the third derivative of -11*j**5/15 + j**4/12 - j**3/2 + 3*j**2. Let v be h(2). Let c = 245 + v. What is the greatest common factor of 10 and c?
10
Suppose 5*d + 0*d = 900. Suppose -4*m + 30 = -50. Calculate the greatest common factor of m and d.
20
Suppose 4*o + 2*k - 1 = 3, -3*o = -2*k - 3. Let f be o*(3 - 2) - -76. Suppose -3*q - q + 28 = 0. Calculate the highest common divisor of q and f.
7
Suppose l - 5*i = -1 - 0, -5*l - 5*i - 125 = 0. Let p = l - -75. What is the highest common factor of p and 135?
27
Suppose 0 = -4*k - 2*w + 24, -5*k + 3*w = -0*k - 19. Let y(q) = q**2 - 3*q + 2. Let v be y(k). What is the highest common factor of v and 24?
12
Suppose 3*b - 802 = -2*f, 0 = -b + f + 182 + 77. What is the greatest common factor of b and 24?
24
Let k = 78 + -38. What is the highest common divisor of 8 and k?
8
Let l(q) = -19*q - 2. Let k be l(-2). Let n be (-30)/(-7) + (-2)/7. Calculate the greatest common factor of k and n.
4
Let m(a) = a**2 + 5*a - 4. Let k be m(-6). What is the highest common factor of k and 8?
2
Let d = -2 + -4. Let z = d - -16. What is the highest common factor of 70 and z?
10
Let h = 5 - 1. Suppose 2*k = -7*a + 2*a + 32, 0 = -2*a - h*k. Let b be (-2)/7 - (-174)/21. Calculate the greatest common factor of a and b.
8
Suppose -3*g + 2*l - 1 = -6, 3*g - 3*l = 0. Calculate the highest common divisor of g and 55.
5
Suppose -k - 4*k = -80. Suppose -5*n = 5*q - 400, 2*n = n - 5*q + 80. What is the greatest common factor of n and k?
16
Let d(c) = c**2 - 7*c - 3. Let m = -18 + 27. Let k be d(m). What is the greatest common factor of 10 and k?
5
Suppose 9*n = 4*n + 25. Suppose n*o - 90 = -2*s, 5*s - 4*o + 51 = 342. Calculate the highest common factor of 22 and s.
11
Let i = -245 - -263. Let z(g) = 9*g**2 - 6*g - 6. Let n = 1 - 5. Let l be z(n). Calculate the greatest common divisor of i and l.
18
Suppose 3*v - 82 = -3*g + 4*v, 4*v + 38 = 2*g. What is the greatest common factor of g and 261?
29
Suppose -g + 14 = -8. Let h = 36 - g. Let p be ((-42)/8)/((-30)/640). Calculate the highest common factor of p and h.
14
Let j(y) = -y**3 - 3*y**2 + 13*y - 4. Let w be j(-6). Let l = 557 + -323. What is the highest common divisor of w and l?
26
Let u = 2 - -20. Let p be u*1/(0 + 2). Suppose -4*a + 5*a - 11 = 0. Calculate the highest common divisor of p and a.
11
Let x = -3 + 25. Suppose 0 = -3*v - 2*k + 128, -7*k - 98 = -2*v - 2*k. What is the highest common factor of x and v?
22
Suppose n + 2 - 10 = -4*b, 2*b - 5*n = -18. Calculate the greatest common divisor of b and 8.
1
Suppose -z - z = -2*m - 34, -34 = -2*z - 4*m. Suppose -z = -4*s + 47. Suppose s = 2*d - d. Calculate the greatest common factor of d and 40.
8
Let o = 18 - 14. What is the greatest common divisor of o and 6?
2
Let d = 43 + -15. What is the greatest common divisor of d and 70?
14
Suppose 3*i = -17 + 53. Calculate the highest common factor of i and 12.
12
Let i(d) = 4*d**2 + 6*d. Suppose w - 4*h = 0, 0 = -4*w + w + 3*h - 9. Let z be i(w). What is the greatest common factor of z and 5?
5
Suppose -240 = -t - 2*t. Calculate the highest common divisor of t and 32.
16
Suppose 25*b - 21*b = 756. Calculate the highest common divisor of b and 21.
21
Let l(j) = -35*j. Let x be l(-4). Suppose 6*t - x = t. What is the greatest common factor of 14 and t?
14
Suppose 9 = 6*v - 3*v. Suppose -v*r + 4*r - 62 = y, 4*r + 2*y - 248 = 0. What is the highest common factor of 93 and r?
31
Let t be (4 - 5)/((-3)/48). Calculate the highest common divisor of t and 16.
16
Let d be 2*5 - (2 - 4). Let v = -110 + 113. Suppose 0 = -v*k - 0*k + d. Calculate the highest common factor of 4 and k.
4
Suppose 0*a - 4 = -4*a, -5*i + 5*a + 65 = 0. Calculate the greatest common divisor of i and 154.
14
Let c = -86 - -146. Suppose -4*x + 2*p + 100 = 0, -4*x - p + 94 = -0*x. What is the greatest common factor of x and c?
12
Let r be 2/3*(3 - (-15)/5). What is the highest common factor of r and 10?
2
Suppose -q + 8 = 4*d - 20, 2*d = -5*q + 176. Let g = 60 - q. What is the highest common divisor of g and 6?
6
Suppose -6*l = -14 - 4. Let n be 12/(-5)*100/(-3). Suppose -5*f + 5*t - n + 205 = 0, 3*f + 4*t - 89 = 0. What is the highest common factor of l and f?
3
Let z(f) = f**2 + 3*f - 7. Let y be z(-5). Suppose 25 = y*p - 38. Let h be (-12)/(-8)*14/3. Calculate the greatest common factor of h and p.
7
Let i(l) = l**2 + 8*l + 11. Let n be i(-8). Let a = n - 0. What is the greatest common divisor of a and 99?
11
Let m(b) = b**2 + 5*b. Let k be m(-5). Suppose 2 = -v - 3*i, -4*v + 2*v - 3*i - 1 = k. Suppose -4*c - 17 = -57. What is the highest common divisor of v and c?
1
Suppose 0*s = 5*s - 700. Calculate the highest common factor of 28 and s.
28
Suppose -2*m + 9 = -j, -m + 5*j - 2*j + 2 = 0. Suppose 29 = -m*y - 1. Let f be 6*(-3)/y*15. What is the highest common divisor of 5 and f?
5
Suppose 0*j = -5*j - 30. Let b be 4/6 - 8/j. What is the highest common factor of 5 and b?
1
Suppose 0*c = -5*c + 35. Let d(w) = w**2 - 2*w - 8. Let u be d(c). Suppose n + u = g, -2*g = -g - 3*n - 37. Calculate the greatest common factor of g and 33.
11
Let t(a) be the first derivative of -11*a**2 + 2*a + 1. Suppose 14*i = 19*i + 20. Let g be t(i). Calculate the highest common factor of g and 18.
18
Let l(d) be the first derivative of -d**2 + 2*d + 3. Let a be l(-4). Calculate the highest common factor of a and 40.
10
Let b(p) = 15*p - 1. Let t(i) = 1. Let r(m) = -b(m) - 4*t(m). Let c be r(-3). What is the greatest common divisor of c and 6?
6
Let o = 56 - 29. Suppose i + 3*t = -16, i + 34 = 2*t + t. Let g be ((-45)/i)/(2/10). What is the highest common factor of g and o?
9
Let x(z) = 9*z + 1. Let b be x(1). Suppose -55 = -2*r - 517. Let l = 341 + r. What is the greatest common factor of l and b?
10
Suppose 2*o + 12 = 4*o. What is the greatest common divisor of 2 and o?
2
Let q be -2 + 15 + (-1 - 3). What is the greatest common divisor of q and 1?
1
Let j be 2*-4*1*-1. Suppose b = -2, j*h - 54 = 3*h + 2*b. Let g = 106 - 26. What is the highest common divisor of g and h?
10
Let o = -215 + 66. Let x = -89 - o. What is the greatest common divisor of 15 and x?
15
Suppose 0 = -m - 0*m + 84. Let g = m - 50. Calculate the highest common divisor of g and 51.
17
Suppose 9*d - 18 = 153. What is the highest common factor of 38 and d?
19
Suppose 66 = 2*i - 3*h, 2*h = 4*i - 2*h - 136. Let q = i + -22. Calculate the greatest common divisor of 98 and q.
14
Let h(s) = 25*s - 1. Suppose 3*i + 18 = 3*b, -2*i = 4*b + b - 44. Let c = b + -4. Let d be h(c). What is the highest common divisor of 11 and d?
11
Let u(j) = 4*j - 2. Let z be u(2). Suppose 0 = 7*w - 231 + 63. What is the highest common divisor of w and z?
6
Let a = 56 - 38. Calculate the highest common factor of 27 and a.
9
Let y(m) = 8*m**2 + 4*m + 5. Let a be y(-5). What is the highest common divisor of 37 and a?
37
Let n be 46/14 + (-6)/21. Let s(b) be the first derivative of b**2/2 - 3*b - 1. Let t be s(6). What is the greatest common divisor of t and n?
3
Suppose -6*c + 2*c - 26 = -2*k, 0 = 3*k + 5*c + 5. Suppose -w + 144 = 4*w - 2*t, -15 = -k*t. Calculate the greatest common divisor of 75 and w.
15
Suppose 3*j + 2*f + 80 = 0, 36 = -2*j + 5*f - 2*f. Let m = j - -52. What is the greatest common factor of m and 42?
14
Let f = 94 - 79. What i